{"id":196,"date":"2014-01-01T12:13:30","date_gmt":"2014-01-01T11:13:30","guid":{"rendered":"http:\/\/os-tinje.splet.arnes.si\/2014\/01\/01\/jesenko\/"},"modified":"2024-09-29T23:21:35","modified_gmt":"2024-09-29T21:21:35","slug":"jesenko","status":"publish","type":"page","link":"https:\/\/www.os-tinje.si\/?page_id=196","title":{"rendered":"JESENKO"},"content":{"rendered":"<p>Na\u0161e glasilo ima ve\u010dletno tradicijo. Vsako leto znova se trudimo, da ga izdamo. Oglejte si na\u0161ega Jesenka &#8230; Za zanimive naslovnice je zaslu\u017een u\u010ditelj likovne vzgoje Rok Dragi\u0107. Od \u0161olskega leta 2020\/2021 je urednica Jesenka u\u010diteljica sloven\u0161\u010dine Maja \u0160pes.<\/p>\n<p style=\"text-align: left\"><strong><span style=\"color: #000000\"><a style=\"color: #000000\" href=\"http:\/\/os-tinjenova.splet.arnes.si\/files\/2014\/01\/Glasilo-JESENKO-13.pdf\">JESENKO junij 2013<img decoding=\"async\" class=\"alignright\" src=\"https:\/\/encrypted-tbn0.gstatic.com\/images?q=tbn:ANd9GcTJVEZjGuwR0dcuZSg2BInaEAPaN7wxzyps2w&amp;s\" alt=\"Glasilo O\u0160 Partizanska bolni\u0161nica Jesen Tinje\"><\/a><\/span><\/strong><\/p>\n<p style=\"text-align: left\"><strong><span style=\"color: #000000\"><a style=\"color: #000000\" href=\"http:\/\/os-tinjenova.splet.arnes.si\/files\/2014\/01\/JESENKO-junij-2014.pdf\">JESENKO junij 2014<\/a><\/span><\/strong><\/p>\n<p style=\"text-align: left\"><strong><span style=\"color: #000000\"><a style=\"color: #000000\" href=\"http:\/\/os-tinjenova.splet.arnes.si\/files\/2014\/01\/Glasilo-2015-.pdf\">JESENKO junij 2015<img decoding=\"async\" class=\"alignright\" src=\"https:\/\/encrypted-tbn0.gstatic.com\/images?q=tbn:ANd9GcTsQWQ5LsJYjEIEc0zaQFfXicuVjizvvUWFDQ&amp;s\" alt=\"Jesenko, 2021\/2022 1 KAZALO\"><\/a><\/span><\/strong><\/p>\n<p><strong><span style=\"color: #000000\"><a style=\"color: #000000\" href=\"http:\/\/os-tinjenova.splet.arnes.si\/files\/2016\/06\/Jesenko-junij-2016.pdf\">JESENKO junij 2016<img loading=\"lazy\" decoding=\"async\" class=\"alignright\" src=\"https:\/\/www.os-tinje.si\/files\/2021\/06\/Jenesnko-naslovnica-scaled.jpg\" alt=\"JESENKO, 2020\/2021 | O\u0160 PARTIZANSKA BOLNI\u0160NICA JESEN TINJE\" width=\"195\" height=\"261\"><\/a><\/span><\/strong><\/p>\n<p style=\"text-align: left\"><strong><span style=\"color: #000000\"><a style=\"color: #000000\" href=\"http:\/\/os-tinjenova.splet.arnes.si\/files\/2014\/01\/Glasilo-2016-17.pdf\">JESENKO junij 2017<\/a><\/span><\/strong><\/p>\n<p style=\"text-align: left\"><strong><span style=\"color: #000000\"><a style=\"color: #000000\" href=\"http:\/\/os-tinjenova.splet.arnes.si\/files\/2014\/01\/Jesenko-2018.pdf\">JESENKO junij 2018<\/a><\/span><\/strong><\/p>\n<p style=\"text-align: left\"><strong><span style=\"color: #000000\"><a style=\"color: #000000\" href=\"https:\/\/www.os-tinje.si\/files\/2023\/01\/Glasilo-Jesenko-2020-2021.pdf\">Glasilo Jesenko 2020-2021<\/a><\/span><\/strong><\/p>\n<p style=\"text-align: left\"><strong><span style=\"color: #000000\"><a style=\"color: #000000\" href=\"https:\/\/www.os-tinje.si\/files\/2023\/01\/Jesenko-2021-2022.pdf\">Jesenko 2021-2022<\/a><\/span><\/strong><\/p>\n<p style=\"text-align: left\"><strong><span style=\"color: #000000\"><a style=\"color: #000000\" href=\"https:\/\/www.os-tinje.si\/files\/2024\/09\/Jesenko-2022-2023.pdf\">Jesenko 2022-2023<\/a><\/span><\/strong><\/p>\n<p style=\"text-align: left\"><strong><span style=\"color: #000000\"><a style=\"color: #000000\" href=\"https:\/\/www.os-tinje.si\/files\/2024\/09\/Jesenko-2024.pdf\">Jesenko 2024<\/a><\/span><\/strong><img decoding=\"async\" class=\"alignright\" style=\"text-align: center\" src=\"https:\/\/encrypted-tbn0.gstatic.com\/images?q=tbn:ANd9GcTJVEZjGuwR0dcuZSg2BInaEAPaN7wxzyps2w&amp;s\" alt=\"Glasilo O\u0160 Partizanska bolni\u0161nica Jesen Tinje\"><strong><span style=\"color: #000000\"><a style=\"color: #000000\" href=\"https:\/\/www.os-tinje.si\/files\/2024\/09\/Jesenko-2024.pdf\"><img loading=\"lazy\" decoding=\"async\" class=\"alignright\" src=\"https:\/\/www.os-tinje.si\/files\/2015\/06\/naslovnica-jesenko-2015.png\" alt=\"\u0160OLSKO GLASILO JESENKO | O\u0160 PARTIZANSKA BOLNI\u0160NICA JESEN TINJE\" width=\"183\" height=\"268\"><\/a><\/span><\/strong><\/p>\n<p>&nbsp;<\/p>\n<p>&nbsp;<\/p>\n<p>&nbsp;<\/p>\n","protected":false},"excerpt":{"rendered":"<p>Na\u0161e glasilo ima ve\u010dletno tradicijo. Vsako leto znova se trudimo, da ga izdamo. Oglejte si na\u0161ega Jesenka &#8230; Za zanimive naslovnice je zaslu\u017een u\u010ditelj likovne vzgoje Rok Dragi\u0107. Od \u0161olskega leta 2020\/2021 je urednica Jesenka u\u010diteljica sloven\u0161\u010dine Maja \u0160pes. JESENKO junij 2013 JESENKO junij 2014 JESENKO junij 2015 JESENKO junij 2016 JESENKO junij 2017 JESENKO [&hellip;]<\/p>\n","protected":false},"author":2887,"featured_media":0,"parent":0,"menu_order":1,"comment_status":"closed","ping_status":"open","template":"","meta":{"_et_pb_use_builder":"","_et_pb_old_content":"","_et_gb_content_width":"","ngg_post_thumbnail":0,"footnotes":""},"class_list":["post-196","page","type-page","status-publish","hentry"],"_links":{"self":[{"href":"https:\/\/www.os-tinje.si\/index.php?rest_route=\/wp\/v2\/pages\/196","targetHints":{"allow":["GET"]}}],"collection":[{"href":"https:\/\/www.os-tinje.si\/index.php?rest_route=\/wp\/v2\/pages"}],"about":[{"href":"https:\/\/www.os-tinje.si\/index.php?rest_route=\/wp\/v2\/types\/page"}],"author":[{"embeddable":true,"href":"https:\/\/www.os-tinje.si\/index.php?rest_route=\/wp\/v2\/users\/2887"}],"replies":[{"embeddable":true,"href":"https:\/\/www.os-tinje.si\/index.php?rest_route=%2Fwp%2Fv2%2Fcomments&post=196"}],"version-history":[{"count":15,"href":"https:\/\/www.os-tinje.si\/index.php?rest_route=\/wp\/v2\/pages\/196\/revisions"}],"predecessor-version":[{"id":8296,"href":"https:\/\/www.os-tinje.si\/index.php?rest_route=\/wp\/v2\/pages\/196\/revisions\/8296"}],"wp:attachment":[{"href":"https:\/\/www.os-tinje.si\/index.php?rest_route=%2Fwp%2Fv2%2Fmedia&parent=196"}],"curies":[{"name":"wp","href":"https:\/\/api.w.org\/{rel}","templated":true}]}}