{"id":6149,"date":"2021-01-25T15:39:07","date_gmt":"2021-01-25T14:39:07","guid":{"rendered":"http:\/\/os-tinjenova.splet.arnes.si\/?page_id=6149"},"modified":"2021-01-26T19:40:41","modified_gmt":"2021-01-26T18:40:41","slug":"svetovanje-in-pomoc","status":"publish","type":"page","link":"https:\/\/www.os-tinje.si\/?page_id=6149","title":{"rendered":"SVETOVANJE IN POMO\u010c"},"content":{"rendered":"\n<p><strong>\u010ce si v stiski in potrebuje\u0161 pomo\u010d &#8230;  V teh negotovih \u010dasih se lahko hitro zgodi, da postane\u0161 potrt\/a. Brez skrbi! Zate se lahko najdejo re\u0161itve!<\/strong><\/p>\n\n\n<p><a href=\"http:\/\/os-tinjenova.splet.arnes.si\/files\/2021\/01\/to-sem-jaz-spletna-stran-1024x724-1.png\"><img loading=\"lazy\" decoding=\"async\" class=\"wp-image-6178 aligncenter\" src=\"http:\/\/os-tinjenova.splet.arnes.si\/files\/2021\/01\/to-sem-jaz-spletna-stran-1024x724-1-300x212.png\" alt=\"\" width=\"514\" height=\"364\"><\/a><\/p>\n\n\n<p><\/p>\n\n\n<h4><span style=\"color: #ff9900\"><strong>Ve\u010d v spodnji prilogi:<\/strong><\/span><\/h4>\n<p><a href=\"http:\/\/os-tinjenova.splet.arnes.si\/files\/2021\/01\/\u010cE-SI-V-STISKI.pdf\">\u010cE-SI-V-STISKI<\/a><\/p>\n\n\n<p><strong>Potrebuje\u0161 nasvet oz. pogovor, lahko se obrne\u0161 tudi na dru\u0161tva, ki ti lahko olaj\u0161ajo stisko in so hkrati anonimna ter brezpla\u010dna.<\/strong><\/p>\n\n\n\n\n<p><a href=\"http:\/\/os-tinjenova.splet.arnes.si\/files\/2021\/01\/6381_1586416337_tom.jpg\"><br \/><img loading=\"lazy\" decoding=\"async\" class=\"wp-image-6180 aligncenter\" src=\"http:\/\/os-tinjenova.splet.arnes.si\/files\/2021\/01\/6381_1586416337_tom-300x114.jpg\" alt=\"\" width=\"485\" height=\"184\" srcset=\"http:\/\/os-tinjenova.splet.arnes.si\/files\/2021\/01\/6381_1586416337_tom-300x114.jpg 485w, http:\/\/os-tinjenova.splet.arnes.si\/files\/2021\/01\/6381_1586416337_tom-480x183.jpg 480w\" sizes=\"(min-width: 0px) and (max-width: 480px) 480px, (min-width: 481px) 485px, 100vw\" \/><\/a><\/p>\n<h3><span style=\"color: #ff0000\">INFORMACIJE IN POMO\u010c ZA STAR\u0160E MLADOSTNIKOV<\/span><\/h3>\n<h4 style=\"text-align: center\"><strong>\u010ce opa\u017eate, da so va\u0161i otroci v dilemi ali stiski in se o nekaterih temah te\u017eje pogovarjajo, jih spodbudite, da lahko svoja vpra\u0161anja zaupajo strokovnjaku. Pri tem ostanejo anonimni.<\/strong><\/h4>\n<p><a href=\"http:\/\/os-tinjenova.splet.arnes.si\/files\/2021\/01\/Tosemjaz_infografika_starsi-2-1.pdf\">Tosemjaz_infografika_starsi (2) (1)<\/a><\/p>\n\n\n\n\n<p><\/p>\n\n\n\n<p><\/p>\n\n\n<p><\/p>","protected":false},"excerpt":{"rendered":"<p>\u010ce si v stiski in potrebuje\u0161 pomo\u010d &#8230; V teh negotovih \u010dasih se lahko hitro zgodi, da postane\u0161 potrt\/a. Brez skrbi! Zate se lahko najdejo re\u0161itve! Ve\u010d v spodnji prilogi: \u010cE-SI-V-STISKI Potrebuje\u0161 nasvet oz. pogovor, lahko se obrne\u0161 tudi na dru\u0161tva, ki ti lahko olaj\u0161ajo stisko in so hkrati anonimna ter brezpla\u010dna. INFORMACIJE IN POMO\u010c [&hellip;]<\/p>\n","protected":false},"author":2887,"featured_media":0,"parent":0,"menu_order":0,"comment_status":"closed","ping_status":"closed","template":"","meta":{"_et_pb_use_builder":"off","_et_pb_old_content":"","_et_gb_content_width":"","ngg_post_thumbnail":0,"footnotes":""},"class_list":["post-6149","page","type-page","status-publish","hentry"],"_links":{"self":[{"href":"https:\/\/www.os-tinje.si\/index.php?rest_route=\/wp\/v2\/pages\/6149","targetHints":{"allow":["GET"]}}],"collection":[{"href":"https:\/\/www.os-tinje.si\/index.php?rest_route=\/wp\/v2\/pages"}],"about":[{"href":"https:\/\/www.os-tinje.si\/index.php?rest_route=\/wp\/v2\/types\/page"}],"author":[{"embeddable":true,"href":"https:\/\/www.os-tinje.si\/index.php?rest_route=\/wp\/v2\/users\/2887"}],"replies":[{"embeddable":true,"href":"https:\/\/www.os-tinje.si\/index.php?rest_route=%2Fwp%2Fv2%2Fcomments&post=6149"}],"version-history":[{"count":6,"href":"https:\/\/www.os-tinje.si\/index.php?rest_route=\/wp\/v2\/pages\/6149\/revisions"}],"predecessor-version":[{"id":6184,"href":"https:\/\/www.os-tinje.si\/index.php?rest_route=\/wp\/v2\/pages\/6149\/revisions\/6184"}],"wp:attachment":[{"href":"https:\/\/www.os-tinje.si\/index.php?rest_route=%2Fwp%2Fv2%2Fmedia&parent=6149"}],"curies":[{"name":"wp","href":"https:\/\/api.w.org\/{rel}","templated":true}]}}