{"id":7809,"date":"2023-04-20T09:19:20","date_gmt":"2023-04-20T07:19:20","guid":{"rendered":"https:\/\/os-tinjenova.splet.arnes.si\/?page_id=7809"},"modified":"2024-10-15T13:34:58","modified_gmt":"2024-10-15T11:34:58","slug":"projekti","status":"publish","type":"page","link":"https:\/\/www.os-tinje.si\/?page_id=7809","title":{"rendered":"KULTURNA \u0160OLA"},"content":{"rendered":"<p><a href=\"https:\/\/www.os-tinje.si\/files\/2023\/04\/KULTURNA-SOLA.png\"><img loading=\"lazy\" decoding=\"async\" class=\"size-full wp-image-7819 alignleft\" src=\"https:\/\/www.os-tinje.si\/files\/2023\/04\/KULTURNA-SOLA.png\" alt=\"\" width=\"422\" height=\"80\" srcset=\"https:\/\/www.os-tinje.si\/files\/2023\/04\/KULTURNA-SOLA.png 422w, https:\/\/www.os-tinje.si\/files\/2023\/04\/KULTURNA-SOLA-300x57.png 300w\" sizes=\"(max-width: 422px) 100vw, 422px\" \/><\/a><\/p>\n<p>&nbsp;<\/p>\n<p>&nbsp;<\/p>\n<p><span style=\"color: #000000\"><strong>KULTURNA \u0160OLA 2024<\/strong><strong>\u2013<\/strong><strong>2028<\/strong><\/span><\/p>\n<p><span style=\"color: #000000\">Priznanje za Kulturno \u0161olo v organizaciji JSKD (Javnega sklada za kulturne dejavnosti RS) smo ponovno prejeli septembra 2024. Naziv kulturna \u0161ola smo zaslu\u017eeno prejeli za obdobje treh let, saj na na\u0161i \u0161oli \u017ee vrsto let uspe\u0161no delujemo na kulturnem podro\u010dju. Priznanje je odsev ustvarjalnosti in dose\u017ekov u\u010diteljev mentorjev ter u\u010dencev na kulturnem podro\u010dju. <\/span><\/p>\n","protected":false},"excerpt":{"rendered":"<p>&nbsp; &nbsp; KULTURNA \u0160OLA 2024\u20132028 Priznanje za Kulturno \u0161olo v organizaciji JSKD (Javnega sklada za kulturne dejavnosti RS) smo ponovno prejeli septembra 2024. Naziv kulturna \u0161ola smo zaslu\u017eeno prejeli za obdobje treh let, saj na na\u0161i \u0161oli \u017ee vrsto let uspe\u0161no delujemo na kulturnem podro\u010dju. Priznanje je odsev ustvarjalnosti in dose\u017ekov u\u010diteljev mentorjev ter u\u010dencev [&hellip;]<\/p>\n","protected":false},"author":2887,"featured_media":0,"parent":0,"menu_order":0,"comment_status":"closed","ping_status":"closed","template":"","meta":{"_et_pb_use_builder":"","_et_pb_old_content":"","_et_gb_content_width":"","ngg_post_thumbnail":0,"footnotes":""},"class_list":["post-7809","page","type-page","status-publish","hentry"],"_links":{"self":[{"href":"https:\/\/www.os-tinje.si\/index.php?rest_route=\/wp\/v2\/pages\/7809","targetHints":{"allow":["GET"]}}],"collection":[{"href":"https:\/\/www.os-tinje.si\/index.php?rest_route=\/wp\/v2\/pages"}],"about":[{"href":"https:\/\/www.os-tinje.si\/index.php?rest_route=\/wp\/v2\/types\/page"}],"author":[{"embeddable":true,"href":"https:\/\/www.os-tinje.si\/index.php?rest_route=\/wp\/v2\/users\/2887"}],"replies":[{"embeddable":true,"href":"https:\/\/www.os-tinje.si\/index.php?rest_route=%2Fwp%2Fv2%2Fcomments&post=7809"}],"version-history":[{"count":5,"href":"https:\/\/www.os-tinje.si\/index.php?rest_route=\/wp\/v2\/pages\/7809\/revisions"}],"predecessor-version":[{"id":8415,"href":"https:\/\/www.os-tinje.si\/index.php?rest_route=\/wp\/v2\/pages\/7809\/revisions\/8415"}],"wp:attachment":[{"href":"https:\/\/www.os-tinje.si\/index.php?rest_route=%2Fwp%2Fv2%2Fmedia&parent=7809"}],"curies":[{"name":"wp","href":"https:\/\/api.w.org\/{rel}","templated":true}]}}